- 112000022022?
-112000012020
In base 13, what is 60a + a756?
b063
In base 13, what is -16 - -4b6637?
4b6621
In base 8, what is -603 + -20506?
-21311
In base 2, what is -10 + -1100001000111100110101111?
-1100001000111100110110001
In base 3, what is -11 - -10220122002?
10220121221
In base 3, what is -202 - -201212012022101?
201212012021122
In base 10, what is 270036 + -579?
269457
In base 6, what is 12 + -11043145?
-11043133
In base 10, what is -45 - 339455?
-339500
In base 13, what is -81b6 - 1290c?
-1aac5
In base 8, what is -44 - 26561710?
-26561754
In base 4, what is -120333011122 - 2?
-120333011130
In base 9, what is 436301 - -4104?
441405
In base 4, what is 13000220011 - 3?
13000220002
In base 12, what is -27405 - 210?
-27615
In base 10, what is -14948 - 1276?
-16224
In base 12, what is 4195b - -12?
41971
In base 10, what is 1198 + 432?
1630
In base 3, what is -2 - 12221221102200?
-12221221102202
In base 6, what is 121152 + -1415?
115333
In base 11, what is -2152089 - -3?
-2152086
In base 4, what is -2 - 20220233123?
-20220233131
In base 16, what is 8a6c6 + -11e?
8a5a8
In base 12, what is 17 - 3b971b?
-3b9704
In base 6, what is -210 + -50440405?
-50441015
In base 13, what is 282477 - 1cb?
282279
In base 2, what is -11010110100100111000110010 + 101?
-11010110100100111000101101
In base 3, what is -100102011202101222 + 10?
-100102011202101212
In base 5, what is 2434 - -10014122?
10022111
In base 6, what is 522 + 2215242?
2220204
In base 5, what is 22114021314 + -3?
22114021311
In base 9, what is -18538641 - 1?
-18538642
In base 2, what is -111011010 - 111010111011010101?
-111011000010101111
In base 4, what is -2231122210 - -11?
-2231122133
In base 9, what is 1740 + -168753?
-167013
In base 15, what is 4 + -2e7c7c1?
-2e7c7bc
In base 4, what is -100210233133 - -3?
-100210233130
In base 10, what is 35467816 - -4?
35467820
In base 7, what is 3262 + 221222?
224514
In base 10, what is 1 + 52748522?
52748523
In base 3, what is -1022111111220102 - -210?
-1022111111212122
In base 5, what is 421243 - -202114?
1123412
In base 10, what is -11347694 - 0?
-11347694
In base 4, what is 33210203213 - 11?
33210203202
In base 12, what is 30914 + 1872?
32586
In base 8, what is 10310547 + -22?
10310525
In base 8, what is -750423042 + -2?
-750423044
In base 4, what is -201103020 - 333?
-201110013
In base 5, what is -1224111012121 - -4?
-1224111012112
In base 5, what is -1332 - 21110?
-22442
In base 16, what is -84af4 + d?
-84ae7
In base 9, what is 1 - 46427725?
-46427724
In base 15, what is -8e9 - -6269?
5870
In base 11, what is 108 - 1127985?
-1127878
In base 14, what is 38a4 + 4?
38a8
In base 5, what is -1140130 - -334124?
-301001
In base 15, what is 11435dc - -1?
11435dd
In base 14, what is 9 + 509ba1?
509baa
In base 14, what is -1812 + c9a?
-956
In base 13, what is -5 + 3519997?
3519992
In base 10, what is -8 - 107100065?
-107100073
In base 3, what is -11102111001011121222 - 2?
-11102111001011122001
In base 2, what is -111110001 - -101000001001000?
100111001010111
In base 11, what is -7 - -853702a?
8537023
In base 12, what is 23375 - -1180?
24535
In base 5, what is -100404 + 11000131?
10344222
In base 13, what is -18 + 17c348a?
17c3472
In base 16, what is 48 + 10d5e?
10da6
In base 14, what is 68d + 99da6?
9a655
In base 4, what is 33021 + -1020201?
-321120
In base 4, what is -1 + -10223230133?
-10223230200
In base 14, what is -47b - -329b?
2c20
In base 7, what is -1221 + 1254305?
1253054
In base 10, what is 2208816 - -2?
2208818
In base 5, what is 3 + 3144014?
3144022
In base 10, what is 2 - 14381152?
-14381150
In base 11, what is -6a - 59a23?
-59a92
In base 10, what is -6 + -2415276?
-2415282
In base 14, what is 61c - -4542?
4b60
In base 9, what is -4 - 430143324?
-430143328
In base 7, what is 136 - -14630152?
14630321
In base 9, what is -12026 - -1156?
-10760
In base 8, what is -4 - -5130032?
5130026
In base 12, what is -5 - -21135?
21130
In base 7, what is -4234601 - -12?
-4234556
In base 5, what is -311442 - 104032?
-421024
In base 2, what is -11101010111000101101110010 + 1?
-11101010111000101101110001
In base 6, what is 1521413 + -250?
1521123
In base 6, what is 10250502034 + -21?
10250502013
In base 9, what is -1850 - -4504?
2544
In base 6, what is 150442 + -10100?
140342
In base 15, what is 8ea34e + 4?
8ea353
In base 12, what is 305 + -a7044?
-a693b
In base 8, what is 2321640047 - -4?
2321640053
In base 13, what is 3b5 - 6b5?
-300
In base 2, what is 10101111001 + 101000111000?
111110110001
In base 10, what is -21 - 50190?
-50211
In base 5, what is 312442033403 - -2?
312442033410
In base 12, what is 11a214 - 449?
119987
In base 13, what is -239cc + 85?
-23947
In base 5, what is 10 + -121031201?
-121031141
In base 3, what is -122110 - -22012022101?
22011122221
In base 16, what is d5 + 7d21?
7df6
In base 10, what is -27574 - -150?
-27424
In base 14, what is 16843 + -130?
16713
In base 11, what is 134 - -626469?
6265a2
In base 6, what is 1044 - -541120?
542204
In base 6, what is 34313 - 2454151?
-2415434
In base 4, what is -331022303312 - 0?
-331022303312
In base 2, what is -101011 - -1001100001100100101?
1001100001011111010
In base 14, what is 584780 + 12?
584792
In base 6, what is 35 - -13350222?
13350301
In base 9, what is -1 + 26525201?
26525200
In base 4, what is 20 + -312311011322?
-312311011302
In base 12, what is -b53 + 48b?
-684
In base 10, what is 2141213 + 37?
2141250
In base 14, what is -1 - 905c3a?
-905c3b
In base 6, what is -13304423 - 43?
-13304510
In base 6, what is -14454 + 5053?
-5401
In base 7, what is -1 + 665500243?
665500242
In base 4, what is 20102 - 223131?
-203023
In base 13, what is -1c9104 + 49?
-1c9088
In base 8, what is 3070 + 27674?
32764
In base 16, what is 7 + 8c3ac?
8c3b3
In base 10, what is 386 + 8725?
9111
In base 6, what is -2 - -10222225?
10222223
In base 4, what is -3122220 - 21122?
-3210002
In base 14, what is 4 + -5b6786?
-5b6782
In base 12, what is -21 + 817b835?
817b814
In base 9, what is -833 + -84022?
-84855
In base 14, what is -108c4d45 + 1?
-108c4d44
In base 11, what is -2206a - 31?
-220a0
In base 12, what is -7a457b - -25?
-7a4556
In base 12, what is 2 - -418477?
418479
In base 16, what is 5 - -5f52b00?
5f52b05
In base 10, what is -3 + 16782883?
16782880
In base 8, what is -2 + -120503205?
-120503207
In base 5, what is -41120010224 + -4?
-41120010233
In base 16, what is -5605 - -16?
-55ef
In base 8, what is 257 - -11532501?
11532760
In base 7, what is -1100651 + -1555?
-1102536
In base 4, what is -2202 - -2233031323?
2233023121
In base 7, what is -43252 + 101351?
25066
In base 7, what is -4 - 51434665?
-51435002
In base 15, what is a841b3c - 8?
a841b34
In base 2, what is 101 + 1010000100000010011?
1010000100000011000
In base 15, what is 5 - 4c73d15?
-4c73d10
In base 8, what is -31131 + -21616?
-52747
In base 9, what is 13161025 - -10?
13161035
In base 9, what is 43 + -12600862?
-12600818
In base 2, what is 10100000 - 10010000010011?
-10001101110011
In base 15, what is -4 + -13d4cb?
-13d4d0
In base 2, what is 100001001000010010101 + -10010000?
100001001000000000101
In base 15, what is -259a + 560?
-203a
In base 13, what is 221201 + 1c?
221220
In base 2, what is 10111111101100010110 + -101010?
10111111101011101100
In base 7, what is 6145526 - -2?
6145531
In base 2, what is 1111100101010 - -10010011101011?
100010000010101
In base 15, what is -c3 - -9a68?
9995
In base 16, what is -2c5c0 + 2?
-2c5be
In base 4, what is 2030112133 + 100031?
2030212230
In base 10, what is -42958878 - 3?
-42958881
In base 12, what is 741 + -134a92?
-134351
In base 16, what is 13ed + 353?
1740
In base 4, what is 1103302 + -1012113?
31123
In base 4, what is 120 + -211300312?
-211300132
In base 4, what is 22 + -32333312313?
-32333312231
In base 4, what is 200021120 - 1222?
200013232
In base 8, what is -451 + -13?
-464
In base 15, what is -d563e + 104?
-d553a
In base 15, what is -2b592db + 2?
-2b592d9
In base 3, what is 20210122210201 + 1?
20210122210202
In base 10, what is -186437 + -3643?
-190080
In base 6, what is -3 - -135110331?
135110324
In base 12, what is -2030596b + 3?
-20305968
In base 11, what is 550a8 + -3750?
51458
In base 2, what is 100110000110111 - -1011010011?
100111100001010
In base 11, what is 637155 - 1?
637154
In ba